f) = 3*d(f) + 5*y(f). Let h be z(6). Calculate the highest common factor of h and 3.
3
Let x(b) = -b**2 + 9*b + 9. Let m be x(8). Let s(g) = -g**3 + 7*g**2 + 8*g - 5. Let t be s(7). Calculate the highest common divisor of m and t.
17
Suppose 3*b = 5*b - 150. Calculate the greatest common divisor of b and 15.
15
Let n(z) = z + 7. Let p be n(0). Suppose 144 = 5*c + 4*d, -2 = d - 3*d. Calculate the highest common factor of p and c.
7
Suppose -117 = -9*l + 4*l - 3*y, -5*y = -5*l + 85. Let i = -3 - -1. Let v be -2 + 6 + i + l. Calculate the greatest common factor of v and 207.
23
Let b be (-4)/(-10) + -6*132/(-20). What is the highest common divisor of b and 5?
5
Let h = 49 + -34. What is the greatest common divisor of h and 60?
15
Let r = -85 + 109. Calculate the highest common divisor of r and 192.
24
Let b = 49 - 41. What is the highest common factor of 1 and b?
1
Suppose -q + 290 = -6*q. Let n be q/(-4) - (-1)/2. What is the greatest common divisor of 60 and n?
15
Suppose -2*g + 4 = 2*g. Let p(r) = -r + 1. Let h be p(g). Suppose 0 = -5*a + d + 167, a + h*a + 2*d - 40 = 0. Calculate the highest common factor of 17 and a.
17
Suppose -4*v - 16 = 0, 68 = 2*g + 2*g - 2*v. Calculate the greatest common factor of g and 105.
15
Let k = -114 + 182. Suppose 0*x - 17 = -x. Calculate the highest common divisor of k and x.
17
Let u = -24 + 28. What is the highest common factor of u and 52?
4
Let f(s) be the first derivative of -s**4/4 + 10*s**3/3 - 11*s**2/2 - 4*s - 1. Let i be f(8). What is the highest common factor of 18 and i?
18
Let x(k) = -43*k - 7. Let n be x(-3). Let a be 2 + n*2/4. What is the highest common divisor of 21 and a?
21
Let u(n) = 2*n - 6. Let p be u(5). What is the highest common factor of p and 1?
1
Let f = 119 + -83. Calculate the greatest common divisor of f and 90.
18
Let y = 12 - 6. Calculate the greatest common factor of y and 36.
6
Suppose 32 = -5*h + 3*h. Let u = h + 32. What is the highest common divisor of u and 2?
2
Suppose -4*j + 48 = s, -j - 3*j = -2*s + 48. Let k be (s/10)/(2/10). Calculate the greatest common factor of k and 128.
16
Let l(i) = -4*i**2 + 83*i + 35. Let k(n) = n**2 - 21*n - 9. Let u(r) = -9*k(r) - 2*l(r). Let c be u(11). What is the greatest common divisor of 13 and c?
13
Let w be 2/(-10) + 26/5. Suppose -3*t + w = -10. Let f be 2/(-7) - 247/(-7). What is the highest common factor of t and f?
5
Suppose 5*g - 3*g = 24. Calculate the greatest common factor of g and 9.
3
Let m(k) = k**3 + 7*k**2 + 4*k - 1. Suppose 5*n - 3*n + x + 7 = 0, 3*n - 2*x + 28 = 0. Let z be m(n). What is the greatest common divisor of 11 and z?
11
Let b = -122 + 155. Calculate the greatest common factor of 9 and b.
3
Let b(j) = -j**3 - 5*j**2 + 6*j - 4. Let t be b(-7). What is the highest common factor of 130 and t?
26
Let r(o) = -5*o - 1. Let j be r(-2). What is the highest common factor of j and 45?
9
Suppose -28 = 2*n - 6*n. Suppose -2*l + 3*x = n, -x = -0*l + 4*l - 21. Suppose 2*o - l = -2*o. What is the highest common divisor of 8 and o?
1
Let a(i) = 7*i. Let y be a(3). Let h = -6 + y. Let u = 8 + 2. What is the highest common divisor of u and h?
5
Suppose 2*y - 22 = -3*v, 0 = 6*v - v + y - 46. Suppose 2*f = -2*z - 2*f + 60, -4*z - 4*f + 140 = 0. What is the highest common factor of v and z?
10
Let p be 12/(-66) + (-57)/(-11). Suppose 4*n + 2*h = 64, -2*n + p*h + 3 + 5 = 0. What is the highest common factor of n and 126?
14
Let b be ((-44)/6)/((-6)/162). Let u(s) = -s**2 - 6*s + 2. Let j be u(-6). Suppose 0*a + j*a = b. Calculate the highest common factor of 9 and a.
9
Suppose -3*p + 31 = -s - 11, 0 = 3*p - 2*s - 45. Calculate the greatest common factor of 91 and p.
13
Let x = 24 + -10. Let r = 22 - x. What is the greatest common factor of r and 72?
8
Let j be -34*(10/4)/(-1). Calculate the greatest common divisor of j and 34.
17
Let h be 3/(-1)*(-82)/(-3). Let o = -138 - h. Let a = 80 + o. Calculate the greatest common divisor of a and 12.
12
Let x(d) = -d**2 - 16*d + 23. Let r be x(-17). What is the greatest common factor of 60 and r?
6
Suppose -2*f + 134 = 2*p + 3*f, 5*p = 2*f + 393. What is the greatest common factor of 7 and p?
7
Let z = 16 - 14. Let x(f) = f**3 - 6*f**2 + 4*f + 7. Let w be x(5). Calculate the highest common divisor of z and w.
2
Let n(m) = -17*m - 3. Let i be n(-3). Let k be 1*(21 - -1 - 3). Suppose -k - 5 = -4*d. Calculate the highest common divisor of d and i.
6
Let h be (-2 - -10)/(2/7). Let i = h - -48. Let c = 0 + 19. What is the highest common factor of c and i?
19
Suppose 0*t + t - 2 = 0. Suppose 2*u + t - 7 = j, 0 = 2*u + 5*j - 35. Calculate the greatest common divisor of 35 and u.
5
Suppose 2*u = 7*u - 20, 54 = 2*z + 4*u. Suppose -2*b = -7 - z. What is the highest common factor of 52 and b?
13
Suppose 11 = 2*y - 5. Let s(v) = 8 - 2*v + 5*v + 5*v. Let m be s(8). Calculate the highest common divisor of y and m.
8
Suppose -3*w + w + 26 = 0. Let u = w - 5. Suppose -2*p = -4, 2*h - h - 2*p - 8 = 0. Calculate the greatest common divisor of u and h.
4
Let z = -33 + 49. Calculate the highest common factor of z and 8.
8
Let n be 0 - -3 - (5 - -3). Let j be (24/20)/((-2)/n). Let l be ((-25)/j + 3)*-3. Calculate the greatest common divisor of l and 8.
8
Let p(s) = -s**3 - 5*s**2 - s - 3. Let g be p(-5). Calculate the greatest common factor of 2 and g.
2
Let m be 14*(-2 + 5/2). Suppose m*o = 3*o + 12. Suppose -206 = -5*q - 2*g, -4*q + 105 + 57 = o*g. Calculate the highest common factor of 14 and q.
14
Let y = -1 + 2. Let o be 52 - ((-3)/(-3) + y). Suppose -4*s - v + 22 = 7, 2*v = -4*s + 10. What is the highest common factor of s and o?
5
Suppose -r - 22 = -3*x + 71, 5*x - 159 = 3*r. Let n = 26 - 11. Calculate the highest common divisor of x and n.
15
Let d = -12 - -22. Let s(v) = -v**2 + 19*v - 14. Let f be s(d). Calculate the highest common divisor of f and 19.
19
Let r(n) = -n**2 + 7*n. Let u be r(7). Suppose g - 22 = -u*g. Calculate the highest common divisor of 2 and g.
2
Suppose 2*o + o + l = 2, o - 6 = 5*l. Let f(s) = 24*s**2 + s - 1. Let t be f(o). Let j = -41 - -77. Calculate the greatest common factor of j and t.
12
Let f(i) = -i**3 - 9*i**2 - i - 6. Let q be f(-9). Suppose q*k - 1924 = k. Let a be k/10 - (-3)/(-15). What is the highest common factor of a and 12?
12
Suppose 2*d = -0*d + 308. What is the greatest common factor of 14 and d?
14
Suppose 126 = 2*m + 5*m. Calculate the greatest common factor of 2 and m.
2
Let f be 123 + -9*(-3)/9. Let y(n) = 3*n - 7. Let m be y(7). Calculate the highest common factor of m and f.
14
Let o = -68 - -170. What is the greatest common divisor of o and 153?
51
Let w = -2 - -14. Let g = w - 7. Let a be g/(26/8 - 3). Calculate the greatest common factor of a and 30.
10
Suppose -46 = q - 68. Calculate the highest common divisor of 44 and q.
22
Let b be -2 + -4*4/(-8). Suppose 0*d + 3*d = -4*z + 45, z + 3*d - 9 = b. Let k = 107 - 23. What is the highest common divisor of k and z?
12
Let d(k) = 79*k**2 - k. Let c be d(-1). Let t = 6 - 3. Let m(v) = 2*v + 4. Let b be m(t). Calculate the highest common factor of b and c.
10
Suppose 0 = -0*u + u - 5, -4*j = -u - 19. Suppose p - j = -c + 6, -p + 60 = 5*c. Calculate the highest common divisor of c and 60.
12
Suppose -6*r - 9 = -321. Suppose -l = 2*b - 10, 6*b - b = 3*l - r. What is the highest common factor of l and 28?
14
Suppose -7*v = -2*v + 5*t + 45, 0 = -2*v - 3*t - 17. Let w = v + 14. Calculate the highest common factor of 28 and w.
4
Let p = 840 + -434. What is the highest common divisor of 58 and p?
58
Suppose -w = -8 + 2. Suppose 2 = -2*y + y. Let a be 3/y - (-33)/6. What is the greatest common factor of w and a?
2
Let r(y) = y**2 + 1. Let n be r(-3). What is the greatest common divisor of n and 10?
10
Let q(v) = 11*v - 2. Let x be q(2). Suppose b + x = 6*b. Calculate the greatest common factor of b and 28.
4
Let p be (-4)/10 + 6/15. Suppose -5*r + 5*v + 435 = 0, 243 + 113 = 4*r + 4*v. Suppose c - r - 24 = p. Calculate the greatest common factor of c and 16.
16
Suppose 2 = -m + 3*r, 4*m + 4*r - 74 = -18. Suppose 5*t = 20 + 55. Suppose 5*v - 2*v - t = 0. What is the greatest common factor of m and v?
5
Let i = 127 + -122. What is the highest common factor of 1 and i?
1
Let b(x) = -x**3 + 19*x**2 - x + 21. Let m 